{"id":118,"date":"2016-01-10T20:22:26","date_gmt":"2016-01-10T19:22:26","guid":{"rendered":"http:\/\/elkpsychoterapia.pl\/?page_id=118"},"modified":"2019-02-08T12:53:03","modified_gmt":"2019-02-08T11:53:03","slug":"szkolenia","status":"publish","type":"page","link":"https:\/\/elkpsychoterapia.pl\/?page_id=118","title":{"rendered":"Szkolenia"},"content":{"rendered":"<p style=\"text-align: justify;\">Jako trenerzy realizujemy szkolenia dotycz\u0105ce rozwijania umiej\u0119tno\u015bci interpersonalnych oraz poszerzania wiedzy psychologicznej. Naszym celem jest dostarczanie w trakcie szkole\u0144 praktycznej wiedzy, rozwijanie umiej\u0119tno\u015bci i kompetencji uczestnik\u00f3w oraz zwi\u0119kszenie ich samo\u015bwiadomo\u015bci.<\/p>\n<p style=\"text-align: justify;\">Wszystkie zaj\u0119cia prowadzone s\u0105 metod\u0105 warsztatowo-treningow\u0105 z wykorzystaniem r\u00f3\u017cnorodnych technik w przyjaznej i tw\u00f3rczej atmosferze. Koncentrujemy si\u0119 na praktycznym wykorzystaniu wiedzy zdobytej na szkoleniu w \u017cyciu codziennym.<\/p>\n<p style=\"text-align: justify;\">Swoj\u0105 ofert\u0119 kierujemy przede wszystkim do firm, instytucji o\u015bwiatowych i samorz\u0105dowych, organizator\u00f3w i realizator\u00f3w projekt\u00f3w unijnych oraz innych os\u00f3b zainteresowanych wsp\u00f3\u0142prac\u0105. Szkolenia i treningi przygotowywane s\u0105 indywidualnie dla ka\u017cdego zleceniodawcy i grupy docelowej.<\/p>\n<p><strong><u>Przyk\u0142adowe tematy szkole\u0144:<\/u><\/strong><\/p>\n<ul>\n<li>warsztaty motywacyjne<\/li>\n<li>trening rozwoju osobistego<\/li>\n<li>asertywno\u015b\u0107<\/li>\n<li>radzenie sobie ze stresem<\/li>\n<li>budowanie skutecznego zespo\u0142u<\/li>\n<li>zarz\u0105dzanie sob\u0105 w czasie<\/li>\n<li>konstruktywne rozwi\u0105zywanie konflikt\u00f3w<\/li>\n<li>negocjacje<\/li>\n<li>autoprezentacja i wyst\u0105pienia publiczne<\/li>\n<li>komunikacja interpersonalna<\/li>\n<li>aktywizacja zawodowa, rozmowa kwalifikacyjna<\/li>\n<li>zaj\u0119cia wychowawcze dla rodzic\u00f3w<\/li>\n<li>warsztaty dla dzieci i m\u0142odzie\u017cy<\/li>\n<li>profilaktyka uzale\u017cnie\u0144<\/li>\n<li>przeciwdzia\u0142anie przemocy<\/li>\n<\/ul>\n","protected":false},"excerpt":{"rendered":"<p>Jako trenerzy realizujemy szkolenia dotycz\u0105ce rozwijania umiej\u0119tno\u015bci interpersonalnych oraz poszerzania wiedzy psychologicznej. Naszym celem jest dostarczanie w trakcie szkole\u0144 praktycznej wiedzy, rozwijanie umiej\u0119tno\u015bci i kompetencji uczestnik\u00f3w oraz zwi\u0119kszenie ich samo\u015bwiadomo\u015bci. Wszystkie zaj\u0119cia prowadzone s\u0105 metod\u0105 warsztatowo-treningow\u0105 z wykorzystaniem r\u00f3\u017cnorodnych technik w przyjaznej i tw\u00f3rczej atmosferze. Koncentrujemy si\u0119 na praktycznym wykorzystaniu wiedzy zdobytej na szkoleniu w&#8230;<\/p>\n","protected":false},"author":1,"featured_media":0,"parent":0,"menu_order":4,"comment_status":"closed","ping_status":"closed","template":"","meta":[],"_links":{"self":[{"href":"https:\/\/elkpsychoterapia.pl\/index.php?rest_route=\/wp\/v2\/pages\/118"}],"collection":[{"href":"https:\/\/elkpsychoterapia.pl\/index.php?rest_route=\/wp\/v2\/pages"}],"about":[{"href":"https:\/\/elkpsychoterapia.pl\/index.php?rest_route=\/wp\/v2\/types\/page"}],"author":[{"embeddable":true,"href":"https:\/\/elkpsychoterapia.pl\/index.php?rest_route=\/wp\/v2\/users\/1"}],"replies":[{"embeddable":true,"href":"https:\/\/elkpsychoterapia.pl\/index.php?rest_route=%2Fwp%2Fv2%2Fcomments&post=118"}],"version-history":[{"count":5,"href":"https:\/\/elkpsychoterapia.pl\/index.php?rest_route=\/wp\/v2\/pages\/118\/revisions"}],"predecessor-version":[{"id":217,"href":"https:\/\/elkpsychoterapia.pl\/index.php?rest_route=\/wp\/v2\/pages\/118\/revisions\/217"}],"wp:attachment":[{"href":"https:\/\/elkpsychoterapia.pl\/index.php?rest_route=%2Fwp%2Fv2%2Fmedia&parent=118"}],"curies":[{"name":"wp","href":"https:\/\/api.w.org\/{rel}","templated":true}]}}